14?
2, 19, 148303
List the prime factors of 1918095.
3, 5, 127873
What are the prime factors of 919320?
2, 3, 5, 47, 163
List the prime factors of 323941.
41, 7901
List the prime factors of 17382240.
2, 3, 5, 12071
What are the prime factors of 6073462?
2, 3036731
What are the prime factors of 10889298?
2, 3, 7, 86423
What are the prime factors of 344287?
23, 14969
What are the prime factors of 153543?
3, 13, 31, 127
What are the prime factors of 11418484?
2, 7, 11, 131, 283
What are the prime factors of 1587784?
2, 11, 18043
List the prime factors of 4136149.
4136149
List the prime factors of 752379.
3, 250793
List the prime factors of 425459.
17, 29, 863
What are the prime factors of 4180442?
2, 7, 41, 7283
List the prime factors of 27074128.
2, 23, 73571
What are the prime factors of 302807?
79, 3833
List the prime factors of 23150546.
2, 11575273
List the prime factors of 105009.
3, 17, 29, 71
What are the prime factors of 289813?
353, 821
What are the prime factors of 7555853?
251, 30103
What are the prime factors of 500379?
3, 11, 59, 257
What are the prime factors of 3601667?
1193, 3019
List the prime factors of 1753336.
2, 13, 23, 733
What are the prime factors of 205224?
2, 3, 17, 503
List the prime factors of 4170536.
2, 521317
List the prime factors of 1438297.
7, 149, 197
List the prime factors of 4131372.
2, 3, 7, 137, 359
List the prime factors of 3541411.
3541411
What are the prime factors of 884331?
3, 7, 4679
List the prime factors of 6638043.
3, 199, 11119
List the prime factors of 6662171.
6662171
What are the prime factors of 14016979?
173, 81023
What are the prime factors of 15954927?
3, 19, 317, 883
What are the prime factors of 288640?
2, 5, 11, 41
What are the prime factors of 2778453?
3, 73, 4229
List the prime factors of 4930033.
4930033
List the prime factors of 204444.
2, 3, 631
What are the prime factors of 653932?
2, 163483
List the prime factors of 16496504.
2, 2062063
What are the prime factors of 6043703?
2213, 2731
What are the prime factors of 12190958?
2, 13, 468883
What are the prime factors of 59830?
2, 5, 31, 193
List the prime factors of 9690331.
7, 787, 1759
What are the prime factors of 77675?
5, 13, 239
List the prime factors of 3352872.
2, 3, 139703
List the prime factors of 555163.
7, 79309
List the prime factors of 3792004.
2, 61, 15541
What are the prime factors of 28962297?
3, 7, 13, 35363
List the prime factors of 3818307.
3, 79, 16111
List the prime factors of 4486092.
2, 3, 13, 149, 193
What are the prime factors of 30874?
2, 43, 359
List the prime factors of 7009743.
3, 13, 179737
List the prime factors of 409462.
2, 17, 12043
List the prime factors of 1420010.
2, 5, 17, 8353
List the prime factors of 20011.
20011
List the prime factors of 1715468.
2, 37, 67, 173
What are the prime factors of 10666332?
2, 3, 296287
List the prime factors of 216613.
251, 863
List the prime factors of 537033.
3, 7, 107, 239
What are the prime factors of 105974?
2, 11, 4817
What are the prime factors of 344350?
2, 5, 71, 97
What are the prime factors of 2708468?
2, 7, 96731
List the prime factors of 1822507.
569, 3203
List the prime factors of 647311.
7, 19, 31, 157
What are the prime factors of 351674?
2, 175837
What are the prime factors of 727685?
5, 7, 17, 1223
List the prime factors of 18691698.
2, 3, 31, 100493
List the prime factors of 68452.
2, 109, 157
List the prime factors of 6438971.
7, 11, 17, 4919
What are the prime factors of 5575746?
2, 3, 11, 84481
List the prime factors of 369183.
3, 109, 1129
List the prime factors of 539977.
197, 2741
What are the prime factors of 1197497?
7, 17, 29, 347
What are the prime factors of 228433?
29, 7877
List the prime factors of 11077878.
2, 3, 7, 263759
What are the prime factors of 227885?
5, 7, 17, 383
What are the prime factors of 1614196?
2, 403549
List the prime factors of 5999194.
2, 2999597
What are the prime factors of 8598597?
3, 7, 71, 73, 79
What are the prime factors of 570627?
3, 19, 47, 71
What are the prime factors of 148425?
3, 5, 1979
List the prime factors of 2539539.
3, 94057
List the prime factors of 28129.
23, 1223
What are the prime factors of 3420889?
599, 5711
What are the prime factors of 1270583?
487, 2609
What are the prime factors of 227651?
227651
What are the prime factors of 11648027?
101, 115327
What are the prime factors of 3660116?
2, 915029
List the prime factors of 340106.
2, 13, 103, 127
What are the prime factors of 17293944?
2, 3, 467, 1543
List the prime factors of 4421699.
19, 409, 569
What are the prime factors of 5370049?
5370049
What are the prime factors of 6737789?
6737789
List the prime factors of 594568.
2, 13, 5717
List the prime factors of 399939.
3, 29, 4597
List the prime factors of 146097.
3, 7, 773
What are the prime factors of 41996801?
7, 11, 179, 277
List the prime factors of 5657820.
2, 3, 5, 7, 19, 709
List the prime factors of 600870.
2, 3, 5, 20029
What are the prime factors of 1479878?
2, 31, 23869
List the prime factors of 315683.
89, 3547
List the prime factors of 25557.
3, 7, 1217
What are the prime factors of 62540?
2, 5, 53, 59
List the prime factors of 1507963.
971, 1553
What are the prime factors of 3171346?
2, 1585673
What are the prime factors of 9975327?
3, 47, 263, 269
List the prime factors of 213471.
3, 23719
What are the prime factors of 6000780?
2, 3, 5, 103, 971
List the prime factors of 691988.
2, 11, 15727
What are the prime factors of 1476117?
3, 23, 2377
List the prime factors of 5553103.
5553103
List the prime factors of 2862955.
5, 97, 5903
What are the prime factors of 386805?
3, 5, 107, 241
List the prime factors of 387940.
2, 5, 7, 17, 163
List the prime factors of 12043048.
2, 1505381
List the prime factors of 495164.
2, 123791
List the prime factors of 584836.
2, 7, 20887
List the prime factors of 165808.
2, 43, 241
What are the prime factors of 99314?
2, 17, 23, 127
List the prime factors of 3768989.
7, 53, 10159
List the prime factors of 28049.
7, 4007
What are the prime factors of 667674?
2, 3, 7, 757
List the prime factors of 3050794.
2, 127, 12011
What are the prime factors of 1340383?
11, 121853
List the prime factors of 901388.
2, 225347
What are the prime factors of 4789858?
2, 197, 12157
What are the prime factors of 6598?
2, 3299
What are the prime factors of 455507?
13, 37, 947
What are the prime factors of 363463?
363463
What are the prime factors of 261357?
3, 87119
What are the prime factors of 676587?
3, 225529
List the prime factors of 3804542.
2, 7, 271753
List the prime factors of 7077975.
3, 5, 19, 4967
What are the prime factors of 6161576?
2, 431, 1787
List the prime factors of 3346128.
2, 3, 19, 1223
What are the prime factors of 1225704?
2, 3, 51071
What are the prime factors of 4359913?
1949, 2237
What are the prime factors of 2973992?
2, 7, 23, 2309
What are the prime factors of 2403365?
5, 59, 8147
List the prime factors of 32483114.
2, 37, 438961
List the prime factors of 834708.
2, 3, 7, 19, 523
What are the prime factors of 782884?
2, 17, 29, 397
What are the prime factors of 135920?
2, 5, 1699
List the prime factors of 2071359.
3, 76717
List the prime factors of 86852.
2, 21713
List the prime factors of 159406.
2, 13, 6131
What are the prime factors of 4272258?
2, 3, 269, 2647
What are the prime factors of 132730?
2, 5, 13, 1021
What are the prime factors of 1563752?
2, 195469
What are the prime factors of 9369868?
2, 877, 2671
What are the prime factors of 3865991?
3865991
What are the prime factors of 2094671?
83, 25237
List the prime factors of 7125207.
3, 2375069
List the prime factors of 261569.
7, 11, 43, 79
List the prime factors of 42989.
42989
List the prime factors of 744561.
3, 82729
List the prime factors of 1466420.
2, 5, 17, 19, 227
What are the prime factors of 2526969?
3, 842323
List the prime factors of 36549.
3, 31, 131
List the prime factors of 317347.
29, 31, 353
What are the prime factors of 66696?
2, 3, 7, 397
List the prime factors of 1511900.
2, 5, 13, 1163
List the prime factors of 287033.
19, 15107
What are the prime factors of 2710606?
2, 1355303
What are the prime factors of 4240562?
2, 79, 26839
List the prime factors of 118069.
7, 101, 167
List the prime factors of 247810.
2, 5, 24781
What are the prime factor